of 161 and c.
23
Suppose 5*s = -4*y + 1, y - 2*y - 5 = 3*s. Suppose -82 = -3*p - j - 5, 0 = y*p - j - 112. Calculate the highest common factor of 18 and p.
9
Let v(f) = -2*f**2 + 39*f - 18. Let d be v(19). Suppose 4*i - 2 = 2. What is the highest common factor of i and d?
1
Let k(w) = w**2 - 16*w - 9. Let p be k(18). Calculate the highest common factor of 72 and p.
9
Let h be 84/(3/1 + -2). Suppose 0 = 2*c, -3*o + 112 = -5*c - 92. Let u = -56 + o. Calculate the highest common factor of u and h.
12
Let t = -114 - -166. Calculate the highest common factor of 13 and t.
13
Let g = -3 + 45. Suppose -1 = t - 0*t. Let n be (10 + -24)*(t + -1). Calculate the highest common divisor of g and n.
14
Suppose u + 0*u - a = 149, -4*u + 561 = 3*a. Let j = u + -92. What is the greatest common factor of 26 and j?
26
Suppose -1 = -4*g + 7. Let c(x) = x**g - 1 - 2*x + x - 7 + 6. Let f be c(3). What is the highest common factor of f and 44?
4
Suppose 10*k = 288 + 172. Calculate the highest common divisor of k and 4.
2
Let y(r) = 5*r**2 - 24*r + 74. Let o be y(3). What is the greatest common divisor of o and 1410?
47
Suppose 34*h - 30*h - 228 = 0. What is the highest common divisor of 76 and h?
19
Let r = 219 + -127. Suppose -4*h = -r - 4. Let c(k) = -k**2 + 10*k - 1. Let l be c(5). What is the highest common divisor of l and h?
24
Suppose 108 = -12*o - 6*o. Let h be (-9)/o*(-16)/(-6). What is the highest common factor of h and 12?
4
Suppose s - 3*j - 783 = 0, 3*j = -3*s - 1104 + 3501. Calculate the highest common factor of 30 and s.
15
Suppose 5*w - 5 + 45 = 0. Let v be ((-7)/12 - 2/3)*w. What is the highest common factor of v and 4?
2
Let u(r) = 15*r**3 + r**2 - r - 1. Let l be u(1). Let n = 25 - l. Suppose -2*h + 55 - n = 0. Calculate the highest common divisor of h and 66.
22
Let b = 10 + -17. Let p(h) = h**3 + 213*h - 439*h + 218*h + 6*h**2 - 3. Let r be p(b). What is the greatest common factor of 8 and r?
4
Suppose -7*o + 120 = -2*o. Let h be ((-108)/72)/((-9)/24). Calculate the highest common factor of h and o.
4
Let s = -1289 + 1511. What is the greatest common divisor of 24 and s?
6
Suppose 0 = -u - 4*g + 9, 11*u - 14*u + 3*g + 72 = 0. What is the highest common divisor of 1029 and u?
21
Suppose 0 = -19*w - 8*w + 243. Calculate the greatest common factor of 81 and w.
9
Suppose 0 = -821*n + 820*n + 366. Calculate the highest common divisor of n and 6.
6
Let a(p) = -9*p + 229. Let w be a(17). Calculate the greatest common factor of 19 and w.
19
Suppose -4*g = f - 71, -2*g - 11 + 9 = 0. Calculate the greatest common divisor of f and 1875.
75
Let i(j) = j**2 + 7*j**2 - 4*j**2 + 0*j**2 + 10. Let b be i(-5). Let d be -4*(-3)/(-6) + 12. Calculate the greatest common factor of d and b.
10
Suppose 6 + 30 = i. Let a = i + -21. Let l be -5*(-6)/a + -1. What is the greatest common divisor of l and 7?
1
Suppose 0 = d - 13*d + 1392. Let y = d - 86. What is the highest common factor of 105 and y?
15
Let y(i) = -i**2 - 4 + 5 + 3 + 7*i - i. Let j be y(6). Suppose x - 2*z + 38 = 2*x, 4*x - j*z = 176. Calculate the greatest common factor of 6 and x.
6
Suppose -38*a = -41 - 149. What is the greatest common factor of 1 and a?
1
Suppose 0 = -4*f - 3*h + 1640, h + 20 = 6*h. Suppose -61 = z - 187. Let g = z - 89. Calculate the highest common divisor of f and g.
37
Let l be (3/(-2))/((-12)/64). Let y = 1185 + -1097. What is the greatest common factor of l and y?
8
Let o(r) = -r**3 - 15*r**2 + 297*r - 25. Let p be o(-27). What is the greatest common divisor of p and 66?
22
Let g be 3 + (-1)/(1/(-2)). Let c be 1 - (-1 + -2 + 1). Let q = g + c. What is the greatest common divisor of q and 64?
8
Let v(u) = -18*u - 1. Let c be v(-1). Let n = c - 13. Suppose 15 = n*x - 45. What is the greatest common factor of x and 135?
15
Let s(p) = 3*p. Let y be s(-6). Let i = 63 + y. Let w be 12*-5*(-6)/i. Calculate the greatest common divisor of w and 88.
8
Suppose j = -2*s + 27, -162 = 3*j - 8*j - s. What is the highest common factor of 12 and j?
3
Let d be ((-22)/33)/((-2)/114). Calculate the greatest common factor of d and 19.
19
Suppose -7*m + 850 = -2*m. Suppose 7*a - 69 = 169. Suppose q - a = -q. Calculate the highest common factor of m and q.
17
Let r(n) = 5*n**3 + n**2 + 16*n - 1. Let b be r(4). What is the greatest common divisor of b and 57?
57
Let g = -756 - -805. Calculate the greatest common factor of g and 245.
49
Suppose -3*j - 3348 = -21*j. Let i = j - 111. Calculate the greatest common divisor of 15 and i.
15
Let j = -350 - -422. What is the highest common divisor of 9 and j?
9
Let o(f) = 2*f**2 - 7*f - 14. Let i be o(7). Let w be ((-8)/14)/(95/i - 3). What is the greatest common divisor of 18 and w?
2
Let r be 34 + -2 + 1 + 3 + -2. Calculate the greatest common divisor of 187 and r.
17
Let r(n) be the first derivative of -2*n**2 - 48*n - 12. Let a be r(-21). Calculate the highest common factor of 24 and a.
12
Let f be ((-441)/15)/((-3)/15). Suppose 0 = -7*x - 13 + 160. What is the highest common divisor of f and x?
21
Suppose -z + 43 = 5*r - 2296, 4*z = -r + 464. What is the highest common factor of 52 and r?
52
Let l = -2579 + 2634. Suppose -4*h + 15 = -1, 0 = 4*d - h - 40. What is the greatest common divisor of d and l?
11
Suppose -d + 4 = h - 7, 4*d - 3*h = 30. Let r = 52 + -50. Suppose 0 = 2*q + r*q - 72. What is the highest common divisor of d and q?
9
Suppose 10*b - 48 = -2*b. Suppose 0 = k - 7 - 7. Let o = k - 10. Calculate the highest common divisor of o and b.
4
Suppose 4*p = -2*z - 3 - 1, 0 = z - 4*p - 16. Suppose z*f - 2*s - 41 = -f, 0 = -f + 4*s + 1. What is the greatest common divisor of 81 and f?
9
Let w(k) = -32*k + 225. Let b be w(6). Calculate the highest common divisor of 12 and b.
3
Let f = -2101 - -3313. What is the highest common factor of f and 12?
12
Let m be (-1536*16/(-36))/((-2)/(-6)). Suppose -o = 7*o - m. What is the greatest common factor of 32 and o?
32
Let q = 130 + -128. Let m be q/(-6) + 25/3. What is the greatest common factor of m and 56?
8
Let o = 50 - -27. Let h(q) = 19*q + 49. Let f be h(-2). Calculate the greatest common divisor of o and f.
11
Let c be 4/14 - (-325)/105*-3. Let r be (20/(-3))/(3/c) - 1. What is the greatest common factor of 57 and r?
19
Let r be 5/2*(-6138)/(-155). What is the highest common factor of r and 231?
33
Let u = 20 - -10. Calculate the highest common divisor of 15 and u.
15
Suppose -3*n - 264 = -5*b, -5*b + 4*n + 208 = -b. What is the greatest common divisor of 90 and b?
18
Suppose -5*w = 4*z - 17 - 89, z - 5*w - 14 = 0. Suppose -244 = -10*s + 236. What is the highest common divisor of s and z?
24
Suppose 0 = 3*b + 3*m - 4128, -3*b + 1359 = 2*m - 2768. What is the greatest common factor of b and 11?
11
Let i(n) = -12*n - 1. Let t be i(-3). Let j = -3341 + 3346. Calculate the greatest common divisor of j and t.
5
Let g(l) = l + 8. Let k be g(6). Let a be (4 + 1 + -5)*-1. Suppose a = 8*n - 6*n - 252. What is the highest common divisor of n and k?
14
Suppose 4*h = 4*l - 80, -l + 5*h + 16 = 3*h. Calculate the greatest common factor of 264 and l.
24
Let n = 15 - 5. Suppose -2*o = -8*o + 960. Suppose -4*j = -2*j - o. What is the greatest common divisor of n and j?
10
Let r = 58 + -55. Suppose -4*a + 609 = -r*f, 148 = a - 0*a - 5*f. Calculate the greatest common divisor of 9 and a.
9
Let d = 2997 - 2755. Suppose 6*f = 2*f + 88. Calculate the highest common divisor of f and d.
22
Let s(t) = -t**2 + t. Let c be s(-3). Let p = c - -105. What is the greatest common divisor of 31 and p?
31
Let f(s) = -s**3 + 2*s**2 + 3*s - 2. Let k be f(2). Suppose -180 = -8*w - 12. Suppose -k*d + 15 = -w. What is the greatest common factor of d and 81?
9
Let b(o) = 22*o**2 - 4*o + 1. Let d be b(3). What is the greatest common divisor of d and 22?
11
Let r be ((-5)/(3 - -2))/(3/(-6)). Let y = -19 + 25. What is the greatest common divisor of y and r?
2
Suppose 0 = 2*x + b - 66, 126 = 4*x + 5*b - 0*b. Calculate the highest common factor of x and 1241.
17
Let k = 453 - 397. What is the highest common factor of 21 and k?
7
Suppose 30*u - 28*u = 46. What is the highest common factor of u and 92?
23
Let a be 435/39 - 4/26. Suppose 0 = p - 3*p + 198. Calculate the highest common divisor of a and p.
11
Let n(x) = -x**3 + 46*x**2 - 332*x - 25. Let